at is bee63 + -26?
bee3d
In base 8, what is 4 + -144654516?
-144654512
In base 10, what is 36 - -271585?
271621
In base 5, what is -2 + 10304322320?
10304322313
In base 13, what is -3161cc7 + 1?
-3161cc6
In base 15, what is 18b + -85db8?
-85c2c
In base 2, what is -111011111 + -1011000010010?
-1011111110001
In base 14, what is -1 + -13804b?
-13804c
In base 4, what is 12121333121 - 13221?
12121313300
In base 12, what is -3 - 83a6142?
-83a6145
In base 13, what is 175 - 75bb?
-7446
In base 14, what is 3140c + -16b4?
2db38
In base 14, what is -14 + -56dc5?
-56dd9
In base 7, what is 552 - 22603136?
-22602254
In base 10, what is -107102 - 1490?
-108592
In base 4, what is -13033 + 202023?
122330
In base 9, what is 285000 - -25?
285025
In base 11, what is -648a260 + -83?
-648a333
In base 4, what is 11232202321 - -1?
11232202322
In base 10, what is 247285711 + -3?
247285708
In base 3, what is 1121 + 220120212210120?
220120212212011
In base 4, what is -11 + -11110202202102?
-11110202202113
In base 4, what is 10 - 3212022323?
-3212022313
In base 6, what is -15543334 - -1145?
-15542145
In base 9, what is 1482038 + -7?
1482031
In base 10, what is 984419229 + -4?
984419225
In base 9, what is 816 + -5713?
-4786
In base 10, what is 1099919 + -480?
1099439
In base 7, what is -2100 + 61301?
56201
In base 9, what is 1265018348 - -4?
1265018353
In base 10, what is -9540617 - -12?
-9540605
In base 6, what is 314 - 14014504?
-14014150
In base 16, what is -67b - -fd7?
95c
In base 9, what is 115 - 546546?
-546431
In base 6, what is 12 + -11213020224?
-11213020212
In base 14, what is -367 - -32b5?
2d4c
In base 14, what is -412 + 1314c0?
1310ac
In base 11, what is -17 - -3a41594?
3a41578
In base 14, what is 3 + 827ab0?
827ab3
In base 14, what is 41b61 + 302?
42063
In base 15, what is a42d6 - -60?
a4346
In base 6, what is -12450412540 - 4?
-12450412544
In base 14, what is 5103 - -30b7?
81ba
In base 2, what is 10001110100 - 100010010010011?
-100000000011111
In base 12, what is -1b929 - 1a17?
-21744
In base 11, what is 401966 + -24a2?
3aa474
In base 14, what is -37 - -5238b?
52354
In base 15, what is -40505 + ad6?
-3e91e
In base 13, what is 2a + 9c9c?
9cc9
In base 13, what is 4307 - 1617b?
-11b74
In base 3, what is -11201201001110 + -10221?
-11201201012101
In base 7, what is 445216214 - 4?
445216210
In base 13, what is -16 + -3ba12b?
-3ba144
In base 3, what is 121211102021 + -1?
121211102020
In base 5, what is -1032312410013 + 0?
-1032312410013
In base 5, what is -2043433 + -224?
-2044212
In base 3, what is -202202112021010 - 12?
-202202112021022
In base 16, what is 70fd - 278?
6e85
In base 16, what is 1b - 1f46e91?
-1f46e76
In base 11, what is -952340 - -4a?
-9522a1
In base 12, what is a137 + -8573?
1784
In base 2, what is 10011000000111 + -100100101111111?
-10001101111000
In base 9, what is 113141 + 3025?
116166
In base 15, what is -1c95700 - 6?
-1c95706
In base 11, what is -1628 - aa1?
-2619
In base 5, what is -1 + 13320113103?
13320113102
In base 7, what is -15 - -13603252?
13603234
In base 5, what is -12011 - 2222342?
-2234403
In base 9, what is 1534504 + 0?
1534504
In base 11, what is 2 + -7aaa24?
-7aaa22
In base 5, what is -123444111 + 22?
-123444034
In base 9, what is 126668 - 10861?
115707
In base 15, what is 5 - -31b6cc?
31b6d2
In base 3, what is 2212200211112022 - 11?
2212200211112011
In base 6, what is -1045 + -22532540?
-22534025
In base 8, what is -35614 + 46723?
11107
In base 16, what is -41c2 - 1284?
-5446
In base 6, what is 410 - -4120053?
4120503
In base 3, what is -222101 - -11122122?
10200021
In base 6, what is 3133314 - 522?
3132352
In base 14, what is -17 + 422702?
4226c9
In base 7, what is 0 + -665331253?
-665331253
In base 12, what is -1542a8 - -5?
-1542a3
In base 10, what is 851092 + -4?
851088
In base 10, what is 2587692 + -28?
2587664
In base 3, what is -2 - -100121100111111?
100121100111102
In base 12, what is -33b51 + -72?
-34003
In base 7, what is -456 - -3106506?
3106020
In base 11, what is 150 - 33a91a?
-33a77a
In base 3, what is -11010220220002000 - 12?
-11010220220002012
In base 3, what is -1102102012020110 + -12?
-1102102012020122
In base 8, what is -424271347 - 3?
-424271352
In base 8, what is 522561726 - -5?
522561733
In base 8, what is 1234 - 1444762?
-1443526
In base 15, what is -924c9 + -24?
-924ed
In base 10, what is -3565929 - 4?
-3565933
In base 8, what is -23215 - 36661?
-62076
In base 7, what is 3226330 + -6?
3226321
In base 6, what is 1003305331 - -4?
1003305335
In base 14, what is 96d + -adb6?
-a447
In base 15, what is -1169db - -ba?
-116921
In base 4, what is -1022112232020 + -12?
-1022112232032
In base 11, what is 6a5770 + -11?
6a575a
In base 13, what is 15748 + 23?
1576b
In base 4, what is -130200233220 + -3?
-130200233223
In base 7, what is -15666 - 3051?
-22050
In base 7, what is -5 + -352651124?
-352651132
In base 16, what is 9f5 + -409f?
-36aa
In base 11, what is -418a + 36a9?
-591
In base 5, what is -13 + -134011302110?
-134011302123
In base 12, what is -5723968 - 1?
-5723969
In base 8, what is 761050010 - 5?
761050003
In base 10, what is -20 + 2198747?
2198727
In base 3, what is -2 + 201121102220100?
201121102220021
In base 7, what is -2366556 + -4204?
-2404063
In base 16, what is -1c - -12576e?
125752
In base 6, what is -213411024 + 3?
-213411021
In base 5, what is 14421041441 + -101?
14421041340
In base 15, what is -76 + 1de37?
1ddb1
In base 16, what is 12a453 - -5?
12a458
In base 5, what is -1203230 - -114131?
-1034044
In base 10, what is -7044 + -1270?
-8314
In base 8, what is -11002525 + -50?
-11002575
In base 6, what is -3203 + 3531335?
3524132
In base 8, what is 10403 - 125446?
-115043
In base 12, what is -13 - -155228?
155215
In base 3, what is 22002210 + -111111?
21121022
In base 13, what is 1 - 2a9b797?
-2a9b796
In base 11, what is -113879 + -8a?
-113958
In base 11, what is 2 + -418a9016?
-418a9014
In base 4, what is 11310233123 - -23?
11310233212
In base 15, what is -2264 + 6ab8?
4854
In base 8, what is -4 - -335200?
335174
In base 15, what is 464d23e + -1?
464d23d
In base 9, what is -34 - 287300?
-287334
In base 6, what is -13003 + -14401?
-31404
In base 14, what is 3824c + 109?
38357
In base 5, what is 12043243 + 300?
12044043
In base 15, what is -10c3dd - -a?
-10c3d3
In base 8, what is 23702 + 2222?
26124
In base 7, what is 6502 - 60224?
-50422
In base 14, what is -18ac36 + -76?
-18acac
In base 11, what is 307732 - -31?
307763
In base 14, what is 12 + -1aa84a9?
-1aa8497
In base 9, what is -74080 - -154?
-73825
In base 4, what is 121300 + 1311121?
2033021
In base 9, what is -110 - 48826?
-50036
In base 3, what is 0 - -2221120211220002?
2221120211220002
In base 8, what is 45 - 2735506?
-2735441
In base 2, what is -10001111111111001100101111 - -1?
-10001111111111001100101110
In base 6, what is -15023443 + 1013?
-15022430
In base 9, what is -5 - 5830323?
-5830328
In base 3, what is -1111000 + 1001010010?
222122010
In base 6, what is 4 - 103343514?
-103343510
In base 3, what is 1121100021012 - -222?
1121100022011
In base 10, what is -39 - -307074?
307035
In base 12, what is -2711 - -1a60?
-871
In base 9, what is -464601 + -275?
-464876
In base 4, what is 1 - -3112110331013?
3112110331020
In base 11, what is 7 - -4613469?
4613475
In base 13, what is 7b0b - -3aa?
81b8
In base 8, what is 2125171 + 25?
2125216
In base 11, what is 4 + -12a6a90?
-12a6a87
In base 7, what is 0 - -116114224?
116114224
In base 7, what is -1362 - 5333043?
-5334435
In base 8, what is 152 - 332375?
-332223
In base 8, what is -5572517 + -206?
-5572725
In base 12, what is 18 - 798264?
-798248
In base 15, what is -583251 - 1?
-583252
In base 12, what is 3 + 14520922?
14520925
In base 3, what is 12 + 2222110001211002?
2222110001211021
In base 2, what is 10010111 + -1100111110100000000101?
-1100111110011101101110
In base 14, what is 819c191 + -5?
819c18a
In base 8, what is 2 + 3214174?
3214176
In base 7, what is 35 + 1034223504?
1034223542
In base 4, what is -1202111 - 2320112?
-10122223
In base 13, what is -803 + -16081?
-16884
In base 13, what is -23 - 108321?
-108344
In base 9, what is 74772680 + 10?
74772700
In base 13, what is -208c55 - 2b?
-208c83
In base 3, what is 100211211111010 - 100?
100211211110210
In base 5, what is -11400 + 